 = 0, -3*v + w = q + 1. List the prime factors of v.
2
Let d(m) = m**3 + 5*m**2 - 3*m - 4. What are the prime factors of d(-5)?
11
Let t(x) = 3*x - 3*x**3 - 2*x + 2*x**2 + x**3. List the prime factors of t(-1).
3
Let i = 5 + -3. Suppose -4*d + 8 = -i*d. Let g = d + 3. What are the prime factors of g?
7
Suppose 3*f - 4*o - 6 = -1, o = -f - 10. Let v(u) = u**3 + 6*u**2 + 5*u. Let n be v(f). Suppose n = 4*a - z - 24, -4*z = 18 - 2. List the prime factors of a.
5
Let s(i) = -i**3 - 15*i**2 - 20*i - 18. List the prime factors of s(-14).
2, 3, 11
Let q(k) = k**2 + 8*k + 9. What are the prime factors of q(6)?
3, 31
List the prime factors of (-12)/9*(-15)/10.
2
Suppose -c + 7 = 1. Let y(j) = j**3 - 7*j**2 + 9*j. Let k be y(c). What are the prime factors of 4/k + 194/18?
11
Let c(r) be the first derivative of -r**3/3 - r**2/2 + 15*r - 7. List the prime factors of c(0).
3, 5
Suppose p + 2*p = 432. Suppose v + 4*y = 24, 5*v + 3*y - p = 10. Let s = v - 19. List the prime factors of s.
13
Let g = 12 + -10. Suppose 5*w + 2*a - 40 = 0, -w + 3*a + 35 = -g*a. List the prime factors of w.
2, 5
Suppose -6*c + c = -170. List the prime factors of c.
2, 17
Let s(z) = 25*z + 4. Let v(y) = 17*y + 3. Let x(h) = 5*s(h) - 7*v(h). Let l be x(6). Suppose 7*f = 2*f + l. List the prime factors of f.
7
Suppose 0 = -d + 5*h - 35, -2*d - 86 = 2*h - 4*h. Let m = d + 66. What are the prime factors of m?
3, 7
Let w be 24/3*(-6)/(-8). Suppose 5*d = 4*i - 2*i - 9, d + i = -w. List the prime factors of (-2)/d - (-50)/6.
3
Let m(s) = -s + 1. Let a be m(-3). Let f(t) = -3*t**3 - a*t - 8*t**3 + 2*t - 1. What are the prime factors of f(-1)?
2, 3
Let s = 0 - 5. Let h(y) = y**2 + 4*y + 4. List the prime factors of h(s).
3
Let g(p) = p**3 + 6*p**2 - 3*p + 2. Let b be g(-6). Let s = -9 + b. List the prime factors of s.
11
Suppose 4*r - 294 = -2*q + 28, -5*r - 4*q = -410. List the prime factors of r.
2, 3, 13
Suppose -n - 5 = -80. Suppose -4*b + n = b. List the prime factors of b.
3, 5
Suppose o - 4*o + 102 = 3*b, -5*o = -4*b - 197. List the prime factors of o.
37
Let i(g) = -g**2 - 7*g - 3. Let q be i(-7). Let j(l) = -4*l + 1. Let c be j(q). Suppose o - c = -4. What are the prime factors of o?
3
Let k be (-3)/(-12) - (-348)/16. Let a = k - 7. What are the prime factors of a?
3, 5
Suppose -3*q - 34 = 59. Let n = -22 - q. What are the prime factors of n?
3
Suppose u - 6*u = 4*h - 94, 2 = u. List the prime factors of h.
3, 7
Let w be (3 + -8)/(6/(-30)). Suppose -3*t - v + 3*v = -34, -2*t = v - w. List the prime factors of t.
2, 3
Let j(u) = u**3 - 12*u**2 + 25*u - 9. List the prime factors of j(12).
3, 97
Suppose -i + 36 = -1. List the prime factors of i.
37
Suppose 2*n + 3*n = -5*x + 40, 2*n - 31 = -5*x. Let r(b) = 3*b - 4. What are the prime factors of r(n)?
5
Let u(o) = -o**2 - o + 3. Let k be u(0). Suppose k*w - 193 = -5*x + 5*w, x = w + 41. Suppose -x = -4*b - 5*i, 4*b = 3*b - i + 9. List the prime factors of b.
2
Let w(m) = -3*m**3 + 10*m**2 - 3*m - 7. Let a(r) = 2*r**3 - 5*r**2 + 2*r + 4. Let n(j) = 5*a(j) + 3*w(j). List the prime factors of n(-4).
11
Let b be 2/(-10) - 252/(-10). Suppose 5*r - b = -0*r. List the prime factors of r.
5
Let j be (2/(-3))/((-4)/24). Let n(l) = -5*l**2 - 14*l + 6. Let z(k) = 11*k**2 + 29*k - 12. Let t(x) = -13*n(x) - 6*z(x). What are the prime factors of t(j)?
2, 5
Suppose 3*t + 92 = -4*q - 0*t, 46 = -2*q + 4*t. Let a = q - -40. List the prime factors of a.
17
Suppose -2*a = -4*a. Suppose a = -4*v - v + 10. List the prime factors of v.
2
Suppose -2*n = -38 - 14. What are the prime factors of n?
2, 13
Let h = -1 + -5. Let w be (-4 - 2/(-1)) + -2. List the prime factors of (h/9)/(w/30).
5
Suppose -125 = -4*d - d. Let y = -13 + d. What are the prime factors of y?
2, 3
Suppose 5*v - 192 = -2*l, -4*l - 4*v + 324 + 36 = 0. What are the prime factors of l?
2, 43
Let i(l) = -l**3 - 18*l**2 - 39*l + 14. List the prime factors of i(-16).
2, 3, 7
Suppose -3*a + 12 = -0. Suppose -8 = -3*r + a. Suppose -42 = -r*n - 2*u, -3 = 2*n - 2*u - 27. What are the prime factors of n?
11
Let f = 16 + -11. Suppose -f*n + 10 = 35. What are the prime factors of 5 - n - (1 - 1)?
2, 5
Let z(r) = 2*r - 6. Suppose 6 = 3*b + 2*t, 6 = -4*t + 2*t. Let f be 8 - (0 - (3 - b)). List the prime factors of z(f).
2
Let c(m) = 11*m + 8. Let u be c(-10). What are the prime factors of 4/8 + u/(-4)?
2, 13
Let j(i) = 10*i**2 - 4*i + 4. Let b be j(4). Suppose -p + 5*p - b = 0. Suppose p = 4*g - 15. What are the prime factors of g?
13
Let j(l) = l**3 - 7*l**2 + 2*l - 5. Let n = -1 + 6. Suppose -35 = -n*b + 3*a, a - 4*a = -2*b + 14. What are the prime factors of j(b)?
3
Let v(r) = 3*r**2 - 4*r + 1. What are the prime factors of v(4)?
3, 11
Let i(t) = -3*t**3 + 15*t**2 + 12*t - 10. Let z(n) = n**3 - 5*n**2 - 4*n + 3. Let w(x) = -4*i(x) - 11*z(x). List the prime factors of w(6).
19
What are the prime factors of -1 + (-1)/(-1 + 261/264)?
3, 29
Let a be 1 + (-3)/(6/2). List the prime factors of 2/((-4)/(-30) + a).
3, 5
Let l be (1 + 0)/(3/93). Let r = 52 - l. List the prime factors of r.
3, 7
Let r(q) be the first derivative of 3*q + 1/3*q**3 - 1 - 5*q**2. List the prime factors of r(10).
3
Let s = -6 - 2. Suppose -10 = -0*j + 2*j. Let y = j - s. What are the prime factors of y?
3
List the prime factors of (-16)/(-56) - (1858/(-14) - -2).
131
Suppose -4 = i - 10. Let z(n) = -n**3 - 14*n**2 + 14*n - 13. Let a be z(-15). Suppose -8 = a*c - i*c. What are the prime factors of c?
2
Let j(f) = 8*f - 9. List the prime factors of j(18).
3, 5
Let c(j) = -j + 5. Let n be c(0). Suppose n*t = 6 + 4. Suppose -s + t + 0 = 0. List the prime factors of s.
2
Let u(r) = 2*r - 18. Let a be u(12). Let i(o) = o**2 + 3*o - 4. Let w(j) = -3*j**2 - 5*j + 9. Let q(l) = -5*i(l) - 2*w(l). What are the prime factors of q(a)?
2
Let q = -103 - -109. List the prime factors of q.
2, 3
Let c(l) = l**2 - 2 - l**3 + 7 - 2 - 1 - l. What are the prime factors of c(0)?
2
Suppose -2 - 4 = -2*m. Suppose 0*l + 45 = m*l. List the prime factors of l.
3, 5
Suppose 5*k - 211 = -3*u, -3*k - 241 = -5*u + 122. List the prime factors of u.
2, 3
Let z(f) = -f**2 + f + 3. Let x be z(0). Suppose -x*b + 13 = -2*b. List the prime factors of b.
13
Let l(p) = -8*p - 1. List the prime factors of l(-4).
31
Let b(z) = -z**3 + 10*z**2 - 8*z - 7. Let s be b(9). List the prime factors of (8 - (s - -1)) + -1.
2
Let u be (-76)/(-14) + 6/(-14). Let p = 10 - u. Suppose 3*a = p*a - 40. List the prime factors of a.
2, 5
Suppose 0 = 6*d - 7*d + 53. What are the prime factors of d?
53
What are the prime factors of (-53 - 1)/(21/(-28))?
2, 3
Suppose 52 = 5*k - k. Suppose 0 = 3*g + 4*o - 14, k = g - 3*o + 4. Let j(z) = 2*z + 5. What are the prime factors of j(g)?
17
Let c(y) = -3*y + y**2 + 0*y**2 + 6*y - 10 + 2. What are the prime factors of c(-6)?
2, 5
Let m(t) = -t**3 + 6*t**2 + 10*t + 2. What are the prime factors of m(7)?
23
What are the prime factors of ((-3)/((-6)/52))/(68/850)?
5, 13
Suppose 0*v + 4*v - 132 = 0. List the prime factors of v.
3, 11
Suppose -3*h = 27 + 3. Let i(w) = -w**3 - 10*w**2 + 4*w + 4. Let k be i(h). What are the prime factors of ((-1)/(-3))/((-2)/k)?
2, 3
Let u be ((-3)/3)/(3/(-15)). Suppose -4*d + 3 = -v, -2*v - 17 = -u*v - d. Suppose 0 = 2*t - v*r - 24, -5*r - 19 = t - 1. What are the prime factors of t?
2
Let t be (-2)/4*(-5 + 7). List the prime factors of 14 - (0/t - -1).
13
Suppose 2*w - w - 5*p + 25 = 0, 5*w = 5*p - 65. Let z(v) = v + 17. List the prime factors of z(w).
7
Let u be (16/(-12))/((-4)/6). Let k = 1 + u. List the prime factors of (k + -1)*20/8.
5
Let q be (-190)/45 - (-4)/18. Let i = 17 + q. What are the prime factors of i?
13
List the prime factors of (-6)/(-4)*(894/9 - -2).
2, 19
Suppose 0*f + 105 = 2*p + 5*f, -1 = f. Suppose -23 = -3*m + p. What are the prime factors of m?
2, 13
Let t be (-11)/(-2)*(4 + -6). Let r = 33 + t. What are the prime factors of r?
2, 11
Let k(z) = 9*z + 0*z**2 - 23*z + 60 - 55 - z**2. Let n(p) = p**3 - 7*p**2 - 3*p + 8. Let f be n(7). List the prime factors of k(f).
2, 3
Suppose -o + 3*d + 14 = -1, -4*o - 5*d = -9. What are the prime factors of o?
2, 3
Suppose -4*i = t - 19, 5*t - 2*i - 22 - 29 = 0. List the prime factors of t.
11
Let w = 4 - 4. Suppose 2 = 5*o + 4*b - 53, 5*o + 5*b - 60 = w. List th